f(x) = -x**2 - 2*x + 2. Let o be f(-3). Let b = 469 - 452. Let c = b + o. What are the prime factors of c?
2
Suppose -1612 = -4*a + 4*s, 5*s + 182 = -a + 591. Suppose a = -3*c + 7*c. What are the prime factors of c?
101
Let f be (1/2)/((-2)/(-8)). Suppose 1 = n, -f*b - 13 = -5*n - 138. What are the prime factors of b?
5, 13
Suppose -4*b + b = 3*m - 9, -2 = -4*b - 2*m. Let t(o) = o**2 - 2. Let x be t(b). Suppose 25 + 31 = x*i. List the prime factors of i.
2, 7
Let m(g) be the third derivative of g**5/60 + g**4/2 + 19*g**3/3 + 11*g**2. List the prime factors of m(-12).
2, 19
Let p = 1134 + 1265. List the prime factors of p.
2399
Let k(c) = -c + 3. Let y be k(-4). Suppose -5*w = y*w - 360. What are the prime factors of w?
2, 3, 5
Let d(t) = -t**2 + 2*t + 22. Let i be d(0). What are the prime factors of i/(-4)*(-6 - -4)?
11
Let s be 7 - 2 - (-16 + 14). Suppose -17*d = -18*d + s. What are the prime factors of d?
7
What are the prime factors of 2/(-24) + 499428/432?
2, 17
Let a(m) = -17 - 17 + 11 + 3*m. Let l be a(10). Suppose -g + 15 = -l. List the prime factors of g.
2, 11
Let r be (-1340)/(-35) - 2/7. Suppose 4*v + 2 = -3*l - 4, 3*l + 6 = -2*v. Let x = r + v. List the prime factors of x.
2, 19
Let v(j) = -j**2 - 7*j + 9. Let u be v(-9). List the prime factors of 20/(3 + 21/u).
2, 3, 5
Suppose 6*p - 2*p = 24. Let z(b) = 4*b**2 - 11*b + 19. What are the prime factors of z(p)?
97
Suppose 0 = t - 1 - 1. Suppose -t*q + 17 = -q. List the prime factors of q.
17
Let w(k) = 4*k + 1. Let b be w(1). Suppose -b*p + 208 = -522. List the prime factors of p.
2, 73
Let n(c) = c**3 + 6*c**2 + 3*c + 9. Let k = 3 + -9. Let o be n(k). Let v = 0 - o. List the prime factors of v.
3
Let a = -15 - -19. Suppose -a*c + 221 = -15. Let o = 117 - c. List the prime factors of o.
2, 29
Suppose 0 = x - 5*t - 203 - 520, -1446 = -2*x - 3*t. What are the prime factors of x?
3, 241
Let w(s) = 2*s + 12. Let d be w(-8). Let l = d - -9. Suppose 0 = -2*i + 4*h - h - 3, -4*i = -l*h + 3. What are the prime factors of i?
3
Suppose -8*i + 5706 = i. What are the prime factors of i?
2, 317
Let u = 547 - -73. Suppose -9*r + 4*r = -u. List the prime factors of r.
2, 31
Let l(u) be the first derivative of u**5/20 + u**4/12 - u**3/6 + 2*u**2 - u + 1. Let y(z) be the first derivative of l(z). What are the prime factors of y(0)?
2
Let x be -6 + 1/(-4 + (-7)/(-2)). Let a(f) = -f**2 - 8*f + 26. List the prime factors of a(x).
2, 13
Let s be -2 + 2 + -6 + -164. Let d = -65 - s. What are the prime factors of d?
3, 5, 7
Suppose -2285 = -5*y - 5*q, -2*q = -5*y + 2*q + 2249. What are the prime factors of y?
3, 151
Suppose -18*u + 1620 + 11754 = 0. List the prime factors of u.
743
Let n = 92 + -80. What are the prime factors of (32/n + -1)/((-3)/(-27))?
3, 5
Let q be ((-12)/(-18))/((-8)/(-1020)). Suppose -q + 146 = x. List the prime factors of x.
61
Let j(a) = 10*a**3 + 6*a**2 + 10*a - 3. What are the prime factors of j(4)?
773
Suppose 148 = 4*f - 5*s, -5*f - 4*s + 301 = 75. Let k be 3/2*56/f. Suppose k*q - 8*q + 36 = 0. List the prime factors of q.
2, 3
List the prime factors of 1945/4*128/80.
2, 389
What are the prime factors of 9/(216/33376) + (-2)/(-6)?
13, 107
Let a = -22 + 54. Let z = -28 + a. List the prime factors of (1 - z)/(51/(-1088)).
2
Suppose 0 = -6*u + 7270 + 11006. What are the prime factors of u?
2, 1523
Suppose 23 + 32 = -5*f. Let a = f - -12. Suppose a + 14 = 5*l. What are the prime factors of l?
3
Suppose -z - 5*o + 170 = -173, 4*z = -o + 1372. What are the prime factors of z?
7
Let s be 17 + -1 + (0 - -2). Let y = -16 + s. Suppose -y*q - 2*q = -168. What are the prime factors of q?
2, 3, 7
Suppose -r = -4*r + 114. Suppose -r*a = -33*a - 4600. List the prime factors of a/14 + 4/14.
2, 3, 11
Suppose 22*t = 19*t + 81. List the prime factors of t.
3
Suppose -13*g = -17*g - 20. Let s be (-23)/(0/g + -1). Let w = s + -15. List the prime factors of w.
2
What are the prime factors of 101/((-5)/10*-4)*10?
5, 101
Suppose 2*o = -u + 1, -1 - 2 = -3*u - o. Suppose 4*r = -4, -f - r + u = -3*f. Let b(w) = -61*w - 3. List the prime factors of b(f).
2, 29
Let t = 459 - 18. What are the prime factors of t?
3, 7
Let p(w) = 2*w. Let j be p(-2). Let u = j - -7. Suppose 2*i = -u*x + 3*i + 68, -5*x + 4*i + 111 = 0. List the prime factors of x.
23
Let z(g) = 4*g - 26. Suppose -3*f = -d + 2 - 31, -3*d - 43 = -5*f. Let n be z(f). List the prime factors of 20/3*n/4.
2, 3, 5
Suppose 39*l = 2408 + 3364. List the prime factors of l.
2, 37
Suppose -13*l = -0*l + 442. Let t = 37 - l. List the prime factors of t.
71
Let s(t) = t**3 - 14*t**2 + 8. Let c be s(14). Suppose -c*k = -13*k. Suppose 3*o = -k*o + 69. List the prime factors of o.
23
Let p(h) = h + 5. Let s(w) = -4. Let r(i) = 1. Let a(b) = 6*r(b) + s(b). Let v(g) = -5*a(g) + 3*p(g). List the prime factors of v(9).
2
Suppose 36*k - 315 = 35*k. List the prime factors of k.
3, 5, 7
Suppose 3*h - 3 = 6*h. Let p = -1 + h. Let v = p + 14. What are the prime factors of v?
2, 3
List the prime factors of ((-688)/32)/(1*2/(-364)).
7, 13, 43
Let w be -2 - (-7)/(21/6). Let q = 3 + w. Suppose -q*o + 12 = -0. What are the prime factors of o?
2
Let x(c) = -757*c + 197. What are the prime factors of x(-2)?
29, 59
Let v(b) = 20*b**2 - 7*b - 9. Let w be v(-3). Let c = -59 + w. List the prime factors of c.
7, 19
Let o = -11 + 16. Suppose 2*w + o = -y, -y - y + 18 = -3*w. List the prime factors of ((-6)/w)/((-39)/(-572)).
2, 11
Let f(x) be the second derivative of -x**5/20 - 11*x**4/12 + 11*x**3/6 - x**2 - 4*x. List the prime factors of f(-12).
2, 5
Let m(q) = q**2 - 11*q + 1. Let n be m(10). Let s = -5 - n. Suppose -o + 15 = a, 3*a + 2*a + 33 = s*o. List the prime factors of o.
2, 3
Let l = 5901 + -2651. What are the prime factors of l?
2, 5, 13
Let v = 418 - 149. Let o = 380 - v. Suppose -2*y - 29 = -4*i - o, 2*y - 89 = -3*i. List the prime factors of y.
43
Suppose -2*i + 1 = -2*z - 1, -5*z - 5*i = -25. Suppose -z*p = -2*y - 22, 0*p + p = -4*y + 1. What are the prime factors of ((-84)/p)/(2/(-3))?
2, 7
Let b(c) be the third derivative of -c**5/60 - 3*c**4/4 + c**3/3 - 22*c**2. List the prime factors of b(-9).
83
Let u(c) = -c**2 + 8*c - 4. Let f be u(6). Suppose f = -13*v + 17*v. Suppose 72 = v*z + 20. What are the prime factors of z?
2, 13
List the prime factors of (-56950)/(-275) - 2/22.
3, 23
Let g be (0 + 2)*(2/(-4) + 4). Let p(j) = -2*j + 13. Let k(c) = -2*c + 12. Let w(l) = -3*k(l) + 4*p(l). What are the prime factors of w(g)?
2
Let o = -6 - -16. Let c = -15 + o. What are the prime factors of (2/(-5))/(c/75)?
2, 3
Suppose -4347 = -3*k - 5*w, 16*w = -3*k + 15*w + 4335. List the prime factors of k.
2, 19
Suppose 0 = 12*z - 18126 + 6186. List the prime factors of z.
5, 199
Suppose -2*w + 4*k = -18, 0 = k - 6*k - 10. Let l = 9 - w. Suppose -4*s + l = -5*j, s = -3*s - 4*j + 40. List the prime factors of s.
2, 3
Let i(d) = 8*d**2 + d**3 - 5*d + 0*d - 3*d**2 + 4*d. Let p be i(-5). Suppose 199 = p*y + u, 5*y - 3*u = 2*u + 175. List the prime factors of y.
3, 13
Let k be -613*(1 - -11)/(-6). Suppose 5*o - k = -306. What are the prime factors of o?
2, 23
Let l(p) = 26*p**2 + 3*p + 2403. What are the prime factors of l(0)?
3, 89
Suppose 841 = 3*f + j, -f - 5*j - 103 = -388. Suppose -3*h - 2*v + 181 = -7*v, 3*v - f = -4*h. List the prime factors of h.
67
Suppose 3*u + g - 1874 + 657 = 0, 0 = 4*g + 4. List the prime factors of u.
2, 7, 29
Let m(o) = -4*o**2 + 35*o + 11. Let b be m(9). Suppose -r = -3*d - 64, r - 52 = -3*d + 24. Suppose -3 + 23 = -4*i, 4*i + r = b*n. List the prime factors of n.
5
Let d = -3321 + 6823. List the prime factors of d.
2, 17, 103
Suppose -40 = -t + 5*t. Let g be t/40 - 5/(-4). List the prime factors of g - -19 - (-4)/(-2).
2, 3
Let x(o) = -o**2 + 10*o - 12. Let i be x(9). What are the prime factors of (-2 - i)*274*2/2?
2, 137
Suppose 4 = 7*h - 31. Let f(y) = -y**2 - 4*y + 5. Let i be f(-4). Suppose -h*k = i*c - 0*c, -4*k = -c + 20. What are the prime factors of c?
2
Suppose 0 = 2*w - 16 - 18. Suppose 2*p = -1 + w. What are the prime factors of 159/7 + p/28?
23
Suppose -m - 2 = -3*m. Let a(b) = -b**3 - b**2 - 1. Let q(j) = -7*j**2 - 14*j - 9. Let k(t) = m*a(t) - q(t). What are the prime factors of k(7)?
3, 19
Let s be 1/5 - 898/(-10). Let i = -53 + s. L